e?
False
Is 11225707 composite?
True
Is 2071339 prime?
True
Is 187277687 a composite number?
True
Is 23399209 composite?
False
Is 63459533 a prime number?
False
Is 15816329 prime?
True
Is 23571033 composite?
True
Is 56467637 a composite number?
False
Is 164674753 a composite number?
True
Is 25015297 a composite number?
True
Is 1830379 a prime number?
True
Is 9233959 a composite number?
True
Is 1072219 a composite number?
False
Is 8388059 a prime number?
True
Is 616387 prime?
True
Is 59403395 a prime number?
False
Is 49235597 a prime number?
True
Is 20247811 a composite number?
False
Is 523231 composite?
True
Is 2826037 a prime number?
True
Is 30764837 a prime number?
False
Is 302181973 composite?
False
Is 689609363 a prime number?
True
Is 1425707 composite?
False
Is 393969671 composite?
True
Is 11517289 composite?
True
Is 209711057 prime?
False
Is 221531 a composite number?
True
Is 35353957 a composite number?
True
Is 24144049 a prime number?
False
Is 4201343 composite?
False
Is 138172819 a prime number?
False
Is 1537 prime?
False
Is 3882733 prime?
True
Is 8855977 a composite number?
True
Is 38629 prime?
True
Is 17664791 a prime number?
False
Is 133390841 prime?
False
Is 3770407 a prime number?
False
Is 1791974 composite?
True
Is 8371337 composite?
True
Is 20074169 prime?
True
Is 812101 prime?
True
Is 18507413 prime?
False
Is 60110821 a prime number?
False
Is 21761 a composite number?
True
Is 26475019 a prime number?
True
Is 4999727 a prime number?
True
Is 72371447 a composite number?
True
Is 372472811 composite?
False
Is 4145555 a composite number?
True
Is 440623681 a prime number?
True
Is 6071869 a composite number?
True
Is 2722109 composite?
True
Is 130963439 composite?
False
Is 2581607 a composite number?
True
Is 76703051 a prime number?
True
Is 117709061 a composite number?
True
Is 5223 prime?
False
Is 1881457 a composite number?
True
Is 813677 composite?
False
Is 130275259 prime?
True
Is 162602173 a composite number?
False
Is 6098021 a prime number?
False
Is 1617358 prime?
False
Is 8601199 a composite number?
True
Is 6522661 a prime number?
True
Is 241498529 composite?
False
Is 429551 composite?
False
Is 953622949 a composite number?
False
Is 2466385 a composite number?
True
Is 192403777 composite?
True
Is 6903773 composite?
False
Is 11712713 a prime number?
False
Is 13353803 prime?
True
Is 201434617 composite?
False
Is 58136303 composite?
True
Is 26249071 a prime number?
False
Is 5674034 a composite number?
True
Is 154984391 a prime number?
True
Is 4393759 prime?
False
Is 40525831 a prime number?
False
Is 119814607 a composite number?
True
Is 249797 prime?
True
Is 3428017 prime?
False
Is 9921449 composite?
False
Is 175548853 a composite number?
False
Is 3127658 a prime number?
False
Is 6355243 a composite number?
False
Is 247441 composite?
True
Is 36919733 a composite number?
True
Is 15096281 composite?
False
Is 7783007 prime?
True
Is 1188761 prime?
False
Is 100682213 a prime number?
True
Is 3038911 prime?
False
Is 1311287 a prime number?
True
Is 597794585 prime?
False
Is 4697479 composite?
False
Is 56346767 prime?
True
Is 184981521 a prime number?
False
Is 14022271 a composite number?
False
Is 9893293 a prime number?
True
Is 221393297 a prime number?
True
Is 158694485 a prime number?
False
Is 155748499 prime?
True
Is 12457373 composite?
False
Is 93327851 prime?
False
Is 2878403 a composite number?
True
Is 10251503 prime?
True
Is 764401 a composite number?
True
Is 1437603 prime?
False
Is 8360871 a composite number?
True
Is 115204787 a prime number?
True
Is 1107269 prime?
True
Is 2376793 prime?
True
Is 4670957 composite?
False
Is 1591507 a composite number?
False
Is 1899949 composite?
False
Is 2281481 a prime number?
True
Is 3543214 composite?
True
Is 15386519 a prime number?
False
Is 20138637 a prime number?
False
Is 823480879 prime?
False
Is 52628239 a prime number?
False
Is 43946143 a composite number?
False
Is 423286265 composite?
True
Is 127929787 a composite number?
False
Is 122923 a prime number?
False
Is 136811 prime?
True
Is 3876253 a composite number?
False
Is 27254897 prime?
False
Is 140256833 composite?
True
Is 18370987 a prime number?
True
Is 3533089 a composite number?
True
Is 266468801 composite?
True
Is 26514041 prime?
True
Is 160178167 composite?
True
Is 21553993 composite?
True
Is 19312737 a prime number?
False
Is 409073 a prime number?
False
Is 133729801 composite?
True
Is 437585989 a prime number?
False
Is 305838103 a prime number?
False
Is 1225229 composite?
True
Is 3149747 a prime number?
True
Is 10705813 prime?
True
Is 6117211 prime?
False
Is 710797 a prime number?
False
Is 5330107 a prime number?
True
Is 51227699 a composite number?
False
Is 151450163 a prime number?
True
Is 136152161 prime?
True
Is 36856513 composite?
False
Is 742561 a prime number?
False
Is 7752803 a composite number?
False
Is 6484817 a composite number?
True
Is 2639159 composite?
True
Is 60476879 a composite number?
True
Is 173699 a composite number?
False
Is 15627713 a prime number?
True
Is 162535327 composite?
False
Is 121240571 prime?
True
Is 240766069 a prime number?
True
Is 397088645 a prime number?
False
Is 681295099 composite?
False
Is 869173 a composite number?
False
Is 5234486 a prime number?
False
Is 1340873 prime?
False
Is 285419917 a composite number?
False
Is 59036897 a composite number?
False
Is 2879491 prime?
True
Is 545503 a prime number?
False
Is 13168423 prime?
False
Is 5936627 a composite number?
False
Is 30407915 composite?
True
Is 139281587 composite?
False
Is 56910179 prime?
True
Is 81545315 a composite number?
True
Is 29713439 prime?
False
Is 183818 composite?
True
Is 22184777 a prime number?
True
Is 13826767 a composite number?
False
Is 7004849 a prime number?
False
Is 1331189 a composite number?
True
Is 330798131 a prime number?
True
Is 31324439 composite?
False
Is 6324023 composite?
False
Is 1706309 a composite number?
True
Is 13610122 prime?
False
Is 4415933 a composite number?
False
Is 30206411 a prime number?
True
Is 13610057 composite?
False
Is 5170505 a prime number?
False
Is 4788611 a composite number?
True
Is 8459783 prime?
True
Is 843683 a composite number?
True
Is 8536809 a prime number?
False
Is 4095463 a prime number?
False
Is 74468209 prime?
False
Is 136900585 composite?
True
Is 167149 a composite number?
False
Is 4047257 a composite number?
False
Is 5558353 a prime number?
True
Is 43076615 a composite number?
True
Is 783919 prime?
False
Is 6021889 composite?
True
Is 4667947 prime?
True
Is 3575114 prime?
False
Is 1233655 a prime number?
False
Is 6522961 a composite number?
True
Is 1017073 a prime number?
False
Is 8663 a composite number?
False
Is 7967459 a prime number?
True
Is 41443 prime?
True
Is 126790311 a prime number?
False
Is 1178087 a prime number?
True
Is 711277 a composite number?
True
Is 171926135 a prime number?
False
Is 185621395 prime?
False
Is 34870838 composite?
True
Is 103732814 a composite number?
True
Is 4157269 composite?
False
Is 3823013 composite?
True
Is 17891381 composite?
False
Is 337783 prime?
False
Is 17791183 a prime number?
True
Is 1586269 a composite number?
True
Is 290094031 composite?
True
Is 137734057 composite?
False
Is 123383 a composite number?
True
Is 43710487 composite?
False
Is 12508751 a composite number?
False
Is 38299049 a composite number?
False
Is 1554001 a prime number?
False
Is 66749299 a composite number?
True
Is 4511257 prime?
False
Is 27073481 a prime number?
True
Is 700751 a prime number?
True
Is 5317133 prime?
True
Is 7684779 a composite number?
True
Is 3902007 prime?
False
Is 45829831 composite?
True
Is 18354397 composite?
True
Is 68877881 a prime number?
False
Is 334205903 composite?
False
Is 117211027 composite?
False
Is 3038773 a composite number?
True
Is 5552539 a prime number?
True
Is 251802311 prime?
False
Is 1685751 a composite number?
True
Is 43441487 a prime number?
True
Is 7167787 a composite number?
True
Is 18380729 prime?
True
Is 1321973 a prime number?
False
Is 25208129 a prime number?
False
Is 76771081 a prime number?
True
Is 12909317 a composite number?
True
Is 3342433 a composite number?
True
Is 442621 prime?
False
Is 22499963 composite?
False
Is 30646751 prime?
False
Is 1907209 a prime number?
True
Is 59581723 a composite number?
Fals